 - 386?
-3b68
In base 6, what is 1102 - -52130?
53232
In base 9, what is 230 - -146486?
146726
In base 14, what is 4244167 + -4?
4244163
In base 5, what is -34410 + -43220233?
-43310143
In base 8, what is -43 - -423270?
423225
In base 16, what is -16c - af3?
-c5f
In base 9, what is 127868 + -1?
127867
In base 4, what is 1120101223 + -1303?
1120033320
In base 11, what is 16214 - 5394?
10930
In base 7, what is 2325566 + -6?
2325560
In base 16, what is 16 + -175a9?
-17593
In base 14, what is -4 + 20212c?
202128
In base 11, what is -71825 + -98?
-71912
In base 4, what is -12 - -120212102013?
120212102001
In base 5, what is -130321204322 + -3?
-130321204330
In base 6, what is -322 + -31331?
-32053
In base 5, what is -1 + 22213032342?
22213032341
In base 9, what is 126 + 1107802?
1108028
In base 8, what is -117 + 13543036?
13542717
In base 16, what is -2 - -31097e?
31097c
In base 9, what is 10002160 + -146?
10002013
In base 12, what is 74 + 944?
9b8
In base 5, what is -2 - 212003240?
-212003242
In base 4, what is -111110 - 3032302?
-3210012
In base 5, what is 4 - -111244321?
111244330
In base 6, what is -11045512 - -401?
-11045111
In base 9, what is -440 + 204440?
204000
In base 6, what is 15 + -53333241?
-53333222
In base 15, what is -20 - -738d6?
738b6
In base 7, what is -21015250 + 6?
-21015241
In base 5, what is 33 - 11422301?
-11422213
In base 6, what is -135302113 - 13?
-135302130
In base 15, what is 3 - -c632e?
c6332
In base 9, what is -108 + 4752527?
4752418
In base 10, what is 279601 + -557?
279044
In base 10, what is 823 - -11157?
11980
In base 15, what is -3e - 3765be?
-37660d
In base 15, what is 1 - 71371b?
-71371a
In base 6, what is 104 - -3532443?
3532551
In base 2, what is -101001 + -101111101100010?
-101111110001011
In base 13, what is c39 - -85b?
1797
In base 14, what is -684d + 1b3?
-667a
In base 16, what is -740a + -caa3?
-13ead
In base 9, what is 25 - -11653560?
11653585
In base 10, what is 65 - 11789472?
-11789407
In base 8, what is -745 - 21371?
-22336
In base 4, what is 113232330 + -11233?
113221031
In base 7, what is 5455 - 10402?
-1614
In base 14, what is 0 - -16c9ba1?
16c9ba1
In base 9, what is -1242 + 325548?
324306
In base 16, what is 18536 - 1f67?
165cf
In base 16, what is ab288 + 4?
ab28c
In base 11, what is -9 + -5198971?
-519897a
In base 6, what is 11043535420 + -5?
11043535411
In base 12, what is -a89803 + -196?
-a89999
In base 16, what is 2 - -75872?
75874
In base 2, what is -10 - -101100110101110101?
101100110101110011
In base 12, what is -1a629 + -27?
-1a654
In base 3, what is -12222 - -10210121212?
10210101220
In base 3, what is -22202 + -10211002111?
-10211102020
In base 3, what is -11 - -12121201001210?
12121201001122
In base 11, what is 1390640 + 4?
1390644
In base 6, what is -4552123330 - -3?
-4552123323
In base 5, what is 223111320323 + 11?
223111320334
In base 12, what is b75 + -63475?
-62500
In base 3, what is 2020 + 122022022121?
122022101211
In base 3, what is 12120121 + -11122221?
220200
In base 6, what is 3441 - 151150?
-143305
In base 12, what is -24 + 631bb?
63197
In base 2, what is -1001000010011 - -111000000100?
-10000001111
In base 15, what is 2d387 + -23dd?
2ae99
In base 8, what is -43251715 - -3?
-43251712
In base 10, what is -317244 - -310?
-316934
In base 16, what is 25269f - -26c?
25290b
In base 2, what is 10 - 10010010110111001101101010111?
-10010010110111001101101010101
In base 2, what is -11010001011101 + -1010010110010?
-100100100001111
In base 4, what is -123031123 + -31?
-123031220
In base 5, what is 4 - 1021001210323?
-1021001210314
In base 7, what is 105142 + -13454?
61355
In base 5, what is -21320034 + -1013?
-21321102
In base 9, what is 1671683 - 1?
1671682
In base 3, what is 2020220210210 + 111?
2020220211021
In base 2, what is -1111011 - 1100001101111?
-1100011101010
In base 3, what is 100121202221 + -12111?
100121120110
In base 14, what is -1 - 17373a1?
-17373a2
In base 2, what is 10010011011001 + 100?
10010011011101
In base 8, what is 4604 - 60131?
-53325
In base 11, what is -36 + 212102?
212077
In base 6, what is -2502342 + -14?
-2502400
In base 3, what is -2002122100 - 122002?
-2010021102
In base 4, what is -1 + -3213231201?
-3213231202
In base 13, what is -52bb8 + 87c?
-52339
In base 13, what is -79 + 142812?
142766
In base 9, what is 1232318511 + 4?
1232318515
In base 9, what is -230186364 - -1?
-230186363
In base 16, what is -f0549 + c?
-f053d
In base 11, what is 83887a7 - -2?
83887a9
In base 10, what is 32 - 86663?
-86631
In base 3, what is -12210111 - -2012212211?
2000002100
In base 3, what is -1212010121201202200 - 11?
-1212010121201202211
In base 5, what is 403344 + 2331?
411230
In base 10, what is 9 + 26908529?
26908538
In base 14, what is 0 + 4b9830?
4b9830
In base 9, what is 24880165 - 2?
24880163
In base 7, what is -200 + 2012014?
2011514
In base 13, what is -67426 - -ac?
-67347
In base 10, what is -8898242 - 2?
-8898244
In base 6, what is 221313034 + -121?
221312513
In base 3, what is 1110122122202 - -100?
1110122200002
In base 12, what is -94754 - -a51?
-93903
In base 5, what is -20434 - -14430044?
14404110
In base 14, what is 675 + -3a71b?
-3a086
In base 5, what is 244 + -40024?
-34230
In base 4, what is 3010 - 121122120?
-121113110
In base 14, what is -38a928 - 6?
-38a930
In base 15, what is -9b8513 - -1?
-9b8512
In base 3, what is -102 + -12112020220100?
-12112020220202
In base 15, what is -58ddda7 - -14?
-58ddd93
In base 12, what is 5 - 1710b683?
-1710b67a
In base 15, what is -1e0 - 19474?
-19664
In base 15, what is -10bc56 + -12?
-10bc68
In base 12, what is b36024b - -1?
b360250
In base 16, what is 4 + d83993?
d83997
In base 5, what is -3414 + 3401143?
3342224
In base 3, what is 10 - 20201022011202212?
-20201022011202202
In base 9, what is -201 + 1235047?
1234746
In base 10, what is 42353 + -25?
42328
In base 10, what is -10383 + -2225?
-12608
In base 8, what is 0 - -440563?
440563
In base 9, what is -8037 + -37566?
-46614
In base 2, what is 1001000110001110 - -1001010111?
1001001111100101
In base 14, what is a3 - -1099d4?
109a97
In base 2, what is 11000010110010110 - -100111?
11000010110111101
In base 12, what is 6b3 - -4640?
5133
In base 15, what is -598 + -30819?
-30db2
In base 6, what is 4 - -1133055104?
1133055112
In base 6, what is 1005 + -12252152?
-12251143
In base 4, what is 2331 - 3121000023?
-3120331032
In base 2, what is -10100110011000 - -100100110010?
-10000001100110
In base 11, what is 185 - -30213?
30398
In base 6, what is 15 + 1430310011?
1430310030
In base 6, what is 2 + 1150402413?
1150402415
In base 9, what is 866161 - -143?
866314
In base 3, what is -11021112102110 + 1112?
-11021112100221
In base 5, what is 13 - 21334410034?
-21334410021
In base 9, what is 220 - -25801?
26121
In base 14, what is -52a9b - 1?
-52a9c
In base 8, what is 122233542 + -4?
122233536
In base 16, what is -4 - 72687e9?
-72687ed
In base 7, what is -2354225 - 64?
-2354322
In base 5, what is 3422001301 + -224?
3422001022
In base 3, what is 2201020120011 + 1100?
2201020121111
In base 15, what is -11182aa + -d?
-11182b8
In base 10, what is -67 - 2097363?
-2097430
In base 3, what is -1 - 10110212110112000?
-10110212110112001
In base 6, what is 2 + 135033500?
135033502
In base 8, what is -146113 + 125?
-145766
In base 2, what is -1101111011010101101 - 1100?
-1101111011010111001
In base 7, what is 22142351 - -11?
22142362
In base 12, what is 3783 - 1189b?
-a118
In base 7, what is -656523 + 360?
-656133
In base 4, what is -3 - 10032021123131?
-10032021123200
In base 16, what is 57033 - -14?
57047
In base 6, what is -55004 + -105500?
-204504
In base 2, what is -110101011111000011100111000 - -100?
-110101011111000011100110100
In base 14, what is 17 + -1754587?
-1754570
In base 11, what is -100 + -831153?
-831253
In base 5, what is 1102 - -1312200?
1313302
In base 16, what is -10 + -25e18?
-25e28
In base 3, what is -112212 + 11100212001021?
11100211111102
In base 13, what is 42a8a4a + -2?
42a8a48
In base 11, what is -9813780 + 9?
-9813772
In base 10, what is 8 + 18750481?
18750489
In base 9, what is -332411544 - 0?
-332411544
In base 4, what is 33112231 + 123?
33113020
In base 3, what is 1002221 + 21200120211?
21201200202
In base 4, what is -11230 + -22211111?
-22223001
In